vided by 93987.
19
Calculate the remainder when 5850175 is divided by 20.
15
Calculate the remainder when 812042 is divided by 203010.
2
What is the remainder when 7954882 is divided by 7954849?
33
What is the remainder when 1051169 is divided by 1623?
1088
What is the remainder when 12258677 is divided by 4?
1
Calculate the remainder when 977691 is divided by 183.
105
What is the remainder when 386294 is divided by 386096?
198
What is the remainder when 140271 is divided by 140256?
15
Calculate the remainder when 1276010 is divided by 682.
670
What is the remainder when 52688 is divided by 22?
20
What is the remainder when 104331269 is divided by 4347136?
5
What is the remainder when 7393849 is divided by 1827?
1807
What is the remainder when 1120118 is divided by 65763?
2147
What is the remainder when 34360 is divided by 3455?
3265
What is the remainder when 78726 is divided by 13082?
234
What is the remainder when 513996 is divided by 56?
28
Calculate the remainder when 108655191 is divided by 3751.
3725
Calculate the remainder when 12747 is divided by 1141.
196
What is the remainder when 11830958 is divided by 176?
62
What is the remainder when 771323 is divided by 2243?
1974
What is the remainder when 175278 is divided by 3980?
158
Calculate the remainder when 41820138 is divided by 182.
178
What is the remainder when 64765119 is divided by 35?
34
What is the remainder when 207126367 is divided by 1504?
1503
Calculate the remainder when 16307208 is divided by 27828.
0
Calculate the remainder when 3326421 is divided by 1108801.
18
Calculate the remainder when 677131 is divided by 23349.
10
What is the remainder when 569428 is divided by 162?
160
What is the remainder when 25325553 is divided by 1948118?
19
What is the remainder when 33611722 is divided by 35?
32
Calculate the remainder when 122299367 is divided by 9.
5
What is the remainder when 173602 is divided by 57831?
109
Calculate the remainder when 34132867 is divided by 1174.
1165
Calculate the remainder when 8587223 is divided by 4293593.
37
Calculate the remainder when 38792 is divided by 23.
14
What is the remainder when 353888 is divided by 70766?
58
Calculate the remainder when 630252 is divided by 6438.
5766
Calculate the remainder when 115631 is divided by 3736.
3551
What is the remainder when 51552 is divided by 70?
32
What is the remainder when 3659033 is divided by 1219674?
11
Calculate the remainder when 23493 is divided by 239.
71
What is the remainder when 1347720 is divided by 1347622?
98
Calculate the remainder when 348414 is divided by 4584.
30
Calculate the remainder when 17044522 is divided by 167.
1
Calculate the remainder when 121172 is divided by 781.
117
What is the remainder when 952580 is divided by 951818?
762
What is the remainder when 1189271 is divided by 2330?
971
What is the remainder when 1195899 is divided by 298939?
143
Calculate the remainder when 2795865 is divided by 860.
5
What is the remainder when 4635530 is divided by 386?
56
What is the remainder when 510929 is divided by 309?
152
Calculate the remainder when 782943 is divided by 5339.
3449
Calculate the remainder when 155324 is divided by 225.
74
Calculate the remainder when 133686 is divided by 170.
66
Calculate the remainder when 5401337 is divided by 5833.
5812
Calculate the remainder when 119893811 is divided by 1688645.
16
What is the remainder when 134488605 is divided by 4955?
4950
What is the remainder when 235507 is divided by 1015?
27
What is the remainder when 45666 is divided by 3427?
1115
Calculate the remainder when 182991 is divided by 14240.
12111
What is the remainder when 548663 is divided by 638?
621
What is the remainder when 106472 is divided by 17733?
74
What is the remainder when 58835 is divided by 1032?
11
Calculate the remainder when 49239028 is divided by 28.
20
Calculate the remainder when 137821619 is divided by 1865.
1849
What is the remainder when 1675227 is divided by 8213?
7988
Calculate the remainder when 152457195 is divided by 1783.
1780
What is the remainder when 235786 is divided by 235777?
9
Calculate the remainder when 11154 is divided by 576.
210
Calculate the remainder when 5268815 is divided by 1053717.
230
What is the remainder when 68704735 is divided by 22901567?
34
What is the remainder when 5529029 is divided by 19?
10
What is the remainder when 818648 is divided by 204662?
0
What is the remainder when 47405861 is divided by 11040?
101
Calculate the remainder when 5538 is divided by 4803.
735
What is the remainder when 898120 is divided by 3906?
3646
Calculate the remainder when 52058 is divided by 5739.
407
What is the remainder when 1884000 is divided by 157?
0
What is the remainder when 236788 is divided by 15776?
148
What is the remainder when 1875090 is divided by 7184?
66
Calculate the remainder when 542447 is divided by 135539.
291
Calculate the remainder when 6690193 is divided by 1338030.
43
What is the remainder when 270557 is divided by 30054?
71
What is the remainder when 660791 is divided by 66?
65
Calculate the remainder when 1061439 is divided by 504.
15
Calculate the remainder when 21047615 is divided by 319.
314
What is the remainder when 143192 is divided by 46140?
4772
What is the remainder when 39112 is divided by 38963?
149
What is the remainder when 602418 is divided by 536?
490
What is the remainder when 2561523 is divided by 1280727?
69
What is the remainder when 12312649 is divided by 5204?
5189
Calculate the remainder when 10981478 is divided by 8033.
367
Calculate the remainder when 2180720 is divided by 325.
295
What is the remainder when 10103168 is divided by 61?
43
What is the remainder when 89463 is divided by 4471?
43
Calculate the remainder when 10123720 is divided by 10123711.
9
Calculate the remainder when 12257 is divided by 421.
48
What is the remainder when 61535759 is divided by 1040?
1039
Calculate the remainder when 626484 is divided by 5399.
200
Calculate the remainder when 4630693 is divided by 969.
811
What is the remainder when 72561751 is divided by 1520?
1511
Calculate the remainder when 129107099 is divided by 498483.
2
What is the remainder when 6979957 is divided by 806?
803
Calculate the remainder when 606260 is divided by 44.
28
What is the remainder when 434577505 is divided by 282?
277
What is the remainder when 8903113 is divided by 543?
85
Calculate the remainder when 172597 is divided by 86019.
559
Calculate the remainder when 2467030 is divided by 5249.
0
Calculate the remainder when 90307 is divided by 1588.
1379
What is the remainder when 2714341 is divided by 2129?
1995
What is the remainder when 911938 is divided by 12870?
11038
What is the remainder when 14433566 is divided by 242?
202
Calculate the remainder when 163239 is divided by 66.
21
Calculate the remainder when 42757226 is divided by 1657.
1655
What is the remainder when 86463049 is divided by 52?
49
Calculate the remainder when 2179254 is divided by 62264.
14
What is the remainder when 2031725 is divided by 225746?
11
What is the remainder when 48351736 is divided by 750?
736
Calculate the remainder when 671645 is divided by 134321.
40
Calculate the remainder when 18541271 is divided by 865.
861
What is the remainder when 4634312 is divided by 129?
116
Calculate the remainder when 76309862 is divided by 2851.
2847
What is the remainder when 440596239 is divided by 40?
39
What is the remainder when 2361 is divided by 50?
11
Calculate the remainder when 423440 is divided by 24908.
4
Calculate the remainder when 1485547 is divided by 428.
387
Calculate the remainder when 913177 is divided by 19.
18
Calculate the remainder when 373661 is divided by 721.
183
Calculate the remainder when 5490620 is divided by 12422.
96
Calculate the remainder when 489704552 is divided by 957.
953
What is the remainder when 1691348 is divided by 37584?
68
What is the remainder when 4467701 is divided by 542?
537
Calculate the remainder when 440221 is divided by 2842.
2553
Calculate the remainder when 2627057 is divided by 87568.
17
What is the remainder when 128639147 is divided by 366?
29
Calculate the remainder when 3781395 is divided by 3781369.
26
Calculate the remainder when 2312935 is divided by 2312935.
0
Calculate the remainder whe